{"id":14242,"date":"2021-06-18T07:35:52","date_gmt":"2021-06-18T05:35:52","guid":{"rendered":"http:\/\/staritrgobkolpi.splet.arnes.si\/?page_id=14242"},"modified":"2025-03-20T09:59:45","modified_gmt":"2025-03-20T08:59:45","slug":"katalog-informacij-javnega-znacaja","status":"publish","type":"page","link":"https:\/\/os-stari-trg-ok.si\/?page_id=14242","title":{"rendered":"Katalog informacij javnega zna\u010daja"},"content":{"rendered":"<p><span style=\"color: #000000\"><a style=\"color: #000000\" href=\"https:\/\/os-stari-trg-ok.si\/files\/2025\/03\/KATALOG-INFORMACIJ-JAVNEGA-ZNACAJA.pdf\">Katalog informacij javnega zna\u010daja<\/a><\/span><\/p>\n<p><span style=\"color: #000000\"><a style=\"color: #000000\" href=\"https:\/\/os-stari-trg-ok.si\/files\/2025\/01\/O-D-L-O-K-o-ustanovitvi-vzgojno-izobrazevalnega-zavoda-Osnovna-sola-Stari-trg-ob-Kolpi.pdf\">Odlok o ustanovitvi javnega vzgojno-izobra\u017eevalnega zavoda Osnovna \u0161ola Stari trg ob Kolpi <\/a><\/span><\/p>\n","protected":false},"excerpt":{"rendered":"<p>Katalog informacij javnega zna\u010daja Odlok o ustanovitvi javnega vzgojno-izobra\u017eevalnega zavoda Osnovna \u0161ola Stari trg ob Kolpi<\/p>\n","protected":false},"author":47315,"featured_media":0,"parent":0,"menu_order":0,"comment_status":"closed","ping_status":"closed","template":"","meta":{"ngg_post_thumbnail":0,"footnotes":""},"class_list":["post-14242","page","type-page","status-publish","hentry"],"_links":{"self":[{"href":"https:\/\/os-stari-trg-ok.si\/index.php?rest_route=\/wp\/v2\/pages\/14242","targetHints":{"allow":["GET"]}}],"collection":[{"href":"https:\/\/os-stari-trg-ok.si\/index.php?rest_route=\/wp\/v2\/pages"}],"about":[{"href":"https:\/\/os-stari-trg-ok.si\/index.php?rest_route=\/wp\/v2\/types\/page"}],"author":[{"embeddable":true,"href":"https:\/\/os-stari-trg-ok.si\/index.php?rest_route=\/wp\/v2\/users\/47315"}],"replies":[{"embeddable":true,"href":"https:\/\/os-stari-trg-ok.si\/index.php?rest_route=%2Fwp%2Fv2%2Fcomments&post=14242"}],"version-history":[{"count":10,"href":"https:\/\/os-stari-trg-ok.si\/index.php?rest_route=\/wp\/v2\/pages\/14242\/revisions"}],"predecessor-version":[{"id":19771,"href":"https:\/\/os-stari-trg-ok.si\/index.php?rest_route=\/wp\/v2\/pages\/14242\/revisions\/19771"}],"wp:attachment":[{"href":"https:\/\/os-stari-trg-ok.si\/index.php?rest_route=%2Fwp%2Fv2%2Fmedia&parent=14242"}],"curies":[{"name":"wp","href":"https:\/\/api.w.org\/{rel}","templated":true}]}}